
Suppose 9*s = 4*s + i + 16, 5*s + 3*i - 12 = 0. Let o = s + -12. Let n(p) = -p**3 - 9*p**2 + 6. What are the prime factors of n(o)?
2, 3
Let w be ((-48)/9)/((-2)/(-6)). Let g = w + 29. Suppose g = t - 32. List the prime factors of t.
3, 5
What are the prime factors of (-54142)/(-66) + (-1)/3?
2, 5, 41
Let n = -1 - -3. Suppose n*m - 6 = 0, -5*y - m = -6*m + 35. What are the prime factors of ((-72)/21)/(y/42)?
2, 3
Suppose 8 = -0*q + 4*q. Suppose -c + 4*g + 40 = -3, -q*c = 3*g - 31. Let w = 68 - c. List the prime factors of w.
3, 5
Let p(k) = k**2 - 54*k + 645. List the prime factors of p(48).
3, 7, 17
List the prime factors of 2436 - (-92)/414*1*9.
2, 23, 53
What are the prime factors of (58 + -57)*(1 + 1020)?
1021
Let f be (-11 - 36) + (9 - 1)/2. Let k = 129 + f. List the prime factors of k.
2, 43
Suppose 0 = -w - v - 3, -18 = -2*w + 3*v + v. Let q be ((-33)/9)/(w/(-21)). What are the prime factors of -4*2*q/(-14)?
2, 11
Suppose -5*i + 7 + 23 = 0. What are the prime factors of 3/i - (-17)/2?
3
Let b(r) = 2*r - 28. Let z be b(-15). Let y = 7 - z. List the prime factors of y.
5, 13
Suppose 0 = 5*v - 0 + 55. Let k(r) = r**2 - 3*r. List the prime factors of k(v).
2, 7, 11
Suppose -1549 + 6925 = 12*l. What are the prime factors of l?
2, 7
Suppose -6*b = -19 - 329. What are the prime factors of b?
2, 29
Suppose -88*x + 18720 = -75*x. List the prime factors of x.
2, 3, 5
Let b(p) = 27*p + 48. Let i(v) = -27*v - 48. Let g(q) = 6*b(q) + 5*i(q). List the prime factors of g(6).
2, 3, 5, 7
Suppose -x = 4*x - x. List the prime factors of (-17 - -84)/(x + 1).
67
Let j(v) = -v - 4. Suppose 2*q - f = -26, -3*q - 38 = -q + 2*f. Let i = -27 - q. List the prime factors of j(i).
2
Suppose 5*l + 29 = z, 2*l + 7 = 3*z + 7*l. Let n = z - 3. Let h(k) = k**2 - 2*k + 1. List the prime factors of h(n).
5
List the prime factors of (-8)/(-18) - 1114740/(-324).
3, 31, 37
Let d be 20/15 + 4/6. Suppose -2*o + 39 = 2*o - 5*m, -d*m + 12 = 3*o. What are the prime factors of o?
2, 3
Suppose d + 2 = j - 1, 0 = -3*j + 2*d + 10. Suppose 4*k + 43 = -3*l, -4*k + 2*l - j = -2*k. What are the prime factors of (k/(-2) + -3)*26?
13
Let q = 88 - 40. Let y = q - -68. What are the prime factors of y?
2, 29
Let d = 1282 + -662. List the prime factors of d.
2, 5, 31
Let z = 287 + -150. Let x = 21 + z. What are the prime factors of x?
2, 79
Let h = 4035 - 2708. What are the prime factors of h?
1327
Suppose -76 = 2*x - 0*x - 3*r, x - 3*r = -41. List the prime factors of ((-104)/5)/(-7 + (-238)/x).
2, 13
Let k be 1*(3 - -1)/(-4). Let o(z) = -161*z**3 + z**2 + z - 1. List the prime factors of o(k).
2, 5
What are the prime factors of ((-39)/65)/(3/(-570))?
2, 3, 19
Let z be 9779/(-66) + 2/12. Let t = 235 + z. What are the prime factors of t?
3, 29
Suppose -3*c + 2*y = -149, -c + 2*c - 5*y = 41. Suppose 156 = -18*w + 24*w. Let q = c - w. What are the prime factors of q?
5
Let n(g) = -20*g - 89. What are the prime factors of n(-16)?
3, 7, 11
Let y(v) = v**2 + 9*v - 27. Suppose m - 4*m = -15. Suppose 5*j + 70 = 3*p, 14 = -2*j + j - m*p. List the prime factors of y(j).
43
Let n = -279 + 476. List the prime factors of n.
197
Let p = -1095 - -3834. List the prime factors of p.
3, 11, 83
Let n = 21 + -24. Let x(j) = -j**3 + 4*j**2 + 6*j - 7. Let d be x(5). List the prime factors of (9 + 5)/(d/n).
3, 7
What are the prime factors of (-2)/4*(-844 + -58)?
11, 41
Let y(h) = 19*h - 142. List the prime factors of y(12).
2, 43
Let q(f) be the second derivative of -f**4/12 + 13*f**3/3 - 31*f**2/2 + 6*f - 5. List the prime factors of q(17).
2, 61
Let d(k) = 28*k**2 + 3*k + 116. What are the prime factors of d(15)?
7, 13, 71
Let o(l) = 2*l**2. Suppose -6*h - 2*h = -72. What are the prime factors of o(h)?
2, 3
Let b = -1242 + 1761. List the prime factors of b.
3, 173
Let v = -159 + 105. Let i(m) = m**2 + m - 30. Let j be i(0). Let g = j - v. List the prime factors of g.
2, 3
Suppose 8*a = 7890 + 2126. List the prime factors of a.
2, 313
Let f(s) = 2*s - 6. Let z be f(4). Suppose 4*x = z*x + 2. What are the prime factors of (2 - x) + 1*29?
2, 3, 5
Let z = 602 - 254. Suppose -c + z = 3*o, 3*o - o - c - 237 = 0. List the prime factors of o.
3, 13
Let p be (-3)/(2 - -1)*29. Let a = p - -133. List the prime factors of a.
2, 13
Let z be 11/(-88) + (-2)/(-16). Suppose z = 4*d - 0 - 4. Suppose f = d + 6. What are the prime factors of f?
7
Let x(r) = -1435*r + 25. What are the prime factors of x(-1)?
2, 5, 73
Let n = 18 - 3. Suppose -2*c + n - 5 = 0. Suppose -3*f - 3*b + c*b = -27, 5*b - 48 = -3*f. What are the prime factors of f?
11
Let b = 625 + -327. List the prime factors of b.
2, 149
Suppose 18*m - 1362 = -3*c + 15*m, -2*c + 4*m + 938 = 0. List the prime factors of c.
3, 17
Suppose 5*t + 4*n = 1756, -t + n = 2*t - 1040. List the prime factors of t.
2, 3, 29
Let v = 2385 - 1507. What are the prime factors of v?
2, 439
Let s(q) = -q**3 + 10*q**2 + 18*q + 25. List the prime factors of s(11).
2, 3, 17
Let q = 48 - 43. Let i(h) = h**2 - 6*h + 11. What are the prime factors of i(q)?
2, 3
Let n(w) = 21*w**2 - 5*w - 16. Let h be n(-6). List the prime factors of h/(-1 - -6) + -3.
151
Let q be 4930/65 - (-2)/13. Let r(m) = 2*m - 10. Let w be r(-10). Let s = q + w. List the prime factors of s.
2, 23
Let t(c) = 3*c - 4*c - 78 - 29 + c**3. Let x be t(0). List the prime factors of (-6)/9 - x/3.
5, 7
List the prime factors of (133 + -5)/(2/2).
2
Suppose -756 = -2*a - b, -1124 = -3*a + 2*b - b. List the prime factors of a.
2, 47
Let x = -19 + 19. Suppose s - j = -0*s + 74, x = -j + 1. Suppose v - 6*v = -s. List the prime factors of v.
3, 5
Let a = -200 + 110. Let b = -60 - a. Let j = -6 + b. List the prime factors of j.
2, 3
Let f(r) = -2*r**2 + 963 - 963 + 10*r**2. Let p(h) = h**3 - 5*h**2 + 5*h - 6. Let b be p(4). What are the prime factors of f(b)?
2
Let g(l) be the third derivative of -1/24*l**4 + 3*l**2 + 1/120*l**6 + 0*l + 0 + 1/20*l**5 + 1/3*l**3. What are the prime factors of g(-3)?
5
Suppose -3*c - 14 = -50. Suppose -2*f - 12 = 5*r, f - 3*r - r - 20 = 0. Let n = f + c. What are the prime factors of n?
2
Let o(n) = n + 7. Let a be o(-6). Suppose -2*w + 96 - 20 = 0. List the prime factors of w + (-2 - (a - 0)).
5, 7
Suppose 41184 = -5*f + 18*f. What are the prime factors of f?
2, 3, 11
Let g = 291 - 563. Let u = -194 - g. Suppose -u = -6*s + 102. List the prime factors of s.
2, 3, 5
Let d be 5/10 - (-20)/8. Suppose d*p - 12 = -5*u + 2*u, 0 = 3*u + 3. Suppose -f = -4*s - 60, -4*f + p*s + 201 = -6. List the prime factors of f.
2, 3
Suppose 390*m = 387*m + 3360. What are the prime factors of m?
2, 5, 7
Suppose -o + 6 = -6. Let c = 16 - o. Suppose -x + 200 = c*x + 5*q, 0 = q + 2. List the prime factors of x.
2, 3, 7
Suppose m + p = -4*m + 34, 46 = 5*m + 4*p. Suppose -1 + m = b, 0 = 3*r + 3*b - 39. Suppose r = 2*x - 3*i, -3*i - 4 = -3*x + 14. List the prime factors of x.
2, 5
List the prime factors of (-686582)/(-351) + (-8)/108.
2, 3, 163
Let w(i) = 2*i**2 - 2*i. Let j be 3 - 2/(-6)*0. Let z be w(j). Suppose -2*f - z = q - 73, -4*f - q + 121 = 0. What are the prime factors of f?
2, 3, 5
Suppose -41*f = -5*d - 46*f + 12660, 3*f - 12 = 0. List the prime factors of d.
2, 79
Let y(p) be the second derivative of 11*p**3/6 - 44*p**2 - 3*p. List the prime factors of y(27).
11, 19
Suppose -217*y + 223*y = 14610. List the prime factors of y.
5, 487
Let g be -67 - (-4 + 2 + -1). Let i = g - -120. List the prime factors of i.
2, 7
Suppose -2*x = -3*t + 11, -3*t - 3*x + 14 = -8*x. Suppose -t*k + 27 = -42. Let p = -12 + k. List the prime factors of p.
11
Let c(p) = p**3 - 6*p**2 - p + 6. Let m be c(6). Let u be -2 - -1 - (7 + -10). Suppose -u*l = -4*i + 152, -2*i + 3*i - l - 38 = m. List the prime factors of i.
2, 19
Let i(c) = 2*c**2 - 6*c + 1. Let o be i(4). Suppose 0 = 6*f - 33 + o. Let v(t) = 2*t**2 - 4*t + 6. What are the prime factors of v(f)?
2, 11
Suppose 0 = -5*s - 4*t - 6, 4*s - 6*t + 12 = -2*t. Let d(y) = -5*y**3 - y**2 - 3*y - 2. Let k be d(s). Suppose 0 = -m + 5 + k. List the prime factors of m.
3, 5
Let p be 1/(-3 + (-32)/(-10)). Suppose 2*i - 290 = -p*n - i, 0 = 5*i - 25. What are the prime factors of n?
5, 11
Let x be ((-6)/(-10))/((-2)/(-20)). Suppose x + 10 = -4*d. List the prime factors of (6/d)/((-24)/368).
23
Let c(i) 